et w be f(-5). What is the highest common factor of w and 20075?
55
Let k = 87 + -28. Let d = -17 + k. Suppose 7*z = 10*z - d. Calculate the highest common factor of z and 112.
14
Suppose -12*u - 74*u = 18*u - 17160. Calculate the highest common divisor of 7161 and u.
33
Suppose -2768 = -3*z - 2*i, -2*i + 82 = z - 850. Calculate the greatest common divisor of 1632 and z.
102
Suppose -r + 169 = -4*z, -4*z + 9*z = 5. Suppose 0 = 2*w - 4*u - 27 - r, -2*u = -5*w + 484. Calculate the highest common factor of 32 and w.
32
Suppose 5*r - 59 = -74*p + 71*p, 4*r - 44 = -2*p. What is the greatest common divisor of 2104 and p?
8
Let u be (-3 + 0)/((-165)/185680). Suppose -8*k + u = -3*k + h, 0 = 4*h - 4. Calculate the greatest common factor of k and 27.
27
Let u = 119 - -273. Let y be ((-24)/14)/(((-1305)/(-420))/(-29)). Calculate the greatest common factor of y and u.
8
Suppose -2140 + 160 = -45*d. Let r(t) = -4*t - 81. Let z be r(-23). Calculate the greatest common factor of d and z.
11
Let b = 6732 + -6625. What is the greatest common factor of b and 6634?
107
Let l be 12/4*657*(-20)/(-30). Calculate the highest common divisor of l and 54.
18
Suppose w = 2, -3*z - 4*w + 7*w - 27 = 0. Let f be z/((-3 - -6)/(-3)). Let r = f - -9. What is the greatest common divisor of r and 40?
8
Suppose -2*a - 5*m - 351 = 0, -3*m + 660 = -4*a + m. Let j be a/10*90/(-36). What is the greatest common factor of 336 and j?
42
Let z be 0 + (-1)/((-1)/4). Suppose 8 = -s - 3*s. Let v be (-7 + -7)/(1/s). Calculate the highest common divisor of z and v.
4
Suppose -5*y - 5*i + 765 = 0, -5*y + 4*i = -508 - 284. Suppose -641 = -4*d + 87. Calculate the highest common divisor of y and d.
26
Let d = -734 - -1109. Let n = -326 + d. Calculate the greatest common factor of 42 and n.
7
Suppose 8*b = 22911 + 3051 + 9806. Calculate the highest common divisor of 119 and b.
17
Let i(j) = 3*j**2 + 522*j - 5787. Let w be i(11). Calculate the highest common divisor of w and 114.
6
Let s = 9060 - 8332. Calculate the greatest common factor of s and 2.
2
Suppose -6*w + 23 + 1 = 0. Suppose w*c + 675 = 13*c. Suppose -4*k + 30 = -2*k. What is the highest common factor of c and k?
15
Let k = 18916 - 18864. Calculate the highest common divisor of k and 130.
26
Suppose -5*w - c - 247048 = 0, -3*c + 14 = 8. Let t be (w/225)/(6/(-20)). Calculate the highest common divisor of 12 and t.
12
Let r be (9 - 90/36)*(3 + 21). Calculate the greatest common divisor of r and 15912.
156
Suppose -4393 - 4649 = -34*o - 3772. What is the greatest common divisor of o and 2?
1
Let b = -22 + 31. Let z be (-115)/(-4) + 4 + b/(-12). Suppose 0 = -k + z + 16. What is the greatest common divisor of k and 72?
24
Suppose 0*o + o + 4*j - 43 = 0, 0 = -j + 2*j. Calculate the greatest common factor of o and 19.
1
Let k = 41 + -33. Suppose k*i = 3*i + 20. Let o be i/(-14) - (-357)/49. What is the highest common factor of o and 7?
7
Let k be (-162723)/(-23) + (352/253)/16. What is the highest common divisor of 50 and k?
25
Let k = -150 + 529. Suppose -k + 109 = -5*b. Suppose 0 = -0*t - 5*t + 90. Calculate the greatest common factor of b and t.
18
Suppose -4*u + 207 = -2*h - 309, -h = u - 120. Calculate the greatest common divisor of u and 324.
18
Let b = 6015 - 2605. What is the greatest common factor of 248 and b?
62
Let g = 136 - 61. Let c(j) = j**2 - 13*j + 3. Let k be c(11). Let w be (2/6)/(k/(-1710)). Calculate the greatest common factor of w and g.
15
Let z be ((-8)/(-5))/((-1)/(-5)). Let i be 16/(-72) - ((-94)/18 - -3). Suppose -62 = -a + 5*j, -i*j + 3*j = 2. What is the greatest common divisor of a and z?
8
Suppose 6*y + 264 = -2*y. Let t = y - 64. Let h = t - -121. Calculate the greatest common factor of h and 24.
24
Let z be 6236/(-36) + (-4)/(-18) + 0. Let g = 317 + z. Suppose -3*v = -7*v - 4*c + g, c + 34 = v. What is the highest common divisor of 5 and v?
5
Let x(w) = w**2 - 43*w - 188. Let y be x(71). Calculate the highest common factor of 25 and y.
25
Suppose 10488 = 4*f - 2*t, -5*t = 35*f - 37*f + 5228. What is the greatest common factor of 96 and f?
32
Suppose 3*n = 2*m + m + 9, 27 = 5*n - m. Let h be (1197/(-56))/(138/92)*-8. What is the greatest common divisor of h and n?
6
Let u be (36/42*-88)/(-2 + (-280)/(-147)). Calculate the greatest common divisor of 4224 and u.
264
Let p(u) = 3*u + 15 + 22*u + 0*u - 13*u. Let y be p(1). Let h = 614 + -317. What is the highest common factor of y and h?
27
Suppose 5*i - 70 = 5*z, -5*z + 17 - 23 = -i. Calculate the highest common divisor of 928 and i.
16
Let u be 2*2/(-5)*360/32. Let d be (u/(-12))/((-15)/(-160)). Calculate the greatest common factor of 232 and d.
8
Let x(w) = -106*w - 836. Let p be x(-8). What is the highest common factor of 324 and p?
12
Let t(n) = 1977*n**2 + 18*n - 23. Let w be t(1). What is the highest common factor of w and 51?
17
Let q(n) = -560*n**3 + 2 + 3*n + 1121*n**3 - 576*n**3 + n**2. Let g be q(-1). Calculate the greatest common factor of 105 and g.
15
Let z be 10*(-4 - (3 + -9)). Let x(s) = s**3 + 20*s**2 - 25*s - 4. Let m be -19 - 3/((-9)/(-6)). Let i be x(m). What is the highest common divisor of z and i?
20
Suppose -5*f + 437 = -2*w - 2*w, 4*f - w = 354. Let p(o) = 4 + f*o + 8 + 0 - 88*o. Let s be p(-8). What is the greatest common divisor of 10 and s?
2
Suppose -135*i = -78606 - 338544. What is the highest common factor of 30 and i?
30
Let u(w) = w**2 + 19*w + 21. Let q be u(-21). Suppose 4*k - q = -5*k. Suppose -5*o = -93 - k. Calculate the greatest common factor of o and 5.
5
Let a(i) = 72*i**2 + i. Let u be a(-1). Suppose -112 = -2*o + 5*y, -o - 46 + 135 = 3*y. What is the greatest common factor of u and o?
71
Let z(d) = -103*d + 770. Let f be z(0). What is the highest common factor of 2030 and f?
70
Let b(g) = -g**3 + 2*g**2 - 7*g + 16. Let l be b(2). Let y be (36 - 37)/(l/(-22)). Suppose -4*c + 6*c = 88. Calculate the greatest common factor of c and y.
11
Let g = -18 + 45. Let q(y) = -y**2 - 5*y + 23. Let n be q(14). Let r be ((-3 - -1) + 0)*n/6. Calculate the greatest common divisor of g and r.
27
Let y(f) = 876*f**2 - 179*f - 5. Let p be y(-2). What is the greatest common factor of 133 and p?
133
Let u = -15063 - -15147. What is the greatest common factor of u and 777?
21
Suppose 906*m = -605*m + 18132. Let r be (-246)/(-1) + (0 - 0). What is the highest common divisor of m and r?
6
Let d = 5 + -11. Let g be d/15 + (-4074)/(-10). Calculate the greatest common factor of 37 and g.
37
Let s be 8*-102*(-4)/32. Let k be 31/3 + 320/192. What is the highest common divisor of s and k?
6
Suppose x = 5*f + 157, -420 = -3*x - 4*f + 70. Suppose 0 = -226*p + 211*p + 1620. Calculate the highest common divisor of p and x.
54
Suppose -11*y + 592 + 2598 = 0. Let x be 2*(252/12 + 8). Calculate the greatest common divisor of y and x.
58
Let h(w) = -11*w - 279. Let d be h(-39). What is the greatest common factor of 4800 and d?
150
Let i(n) = -n**2 - 3*n + 1. Let d be i(-3). Let a = 509 + -479. Let w be ((-40)/a)/(12/(-9)). Calculate the highest common divisor of w and d.
1
Let f be 4/(-10) + 74/10. Let d be 4 - f - ((-1 - 0) + -2). Suppose -q - 9 = -5*g, d = 2*q + 2*q - 4. What is the greatest common factor of 1 and g?
1
Let y = 989 + -638. Let f = y - -9. What is the greatest common factor of 45 and f?
45
Suppose 5*v = 3*m - 36, 0 = -4*v - v. Suppose k - 2*k = 4*c - 10, 4*k - 2*c - 22 = 0. Let p be (-12)/9 + 62/k. Calculate the highest common factor of p and m.
3
Suppose 0 = -5*x + p + 4486, -3*p - 3367 + 673 = -3*x. What is the highest common divisor of 69 and x?
69
Let q be -1*(-13)/((-39)/24). Let c be (-38)/(-14) + 1 - q/28. Calculate the highest common divisor of c and 68.
4
Let x(m) = 1237*m - 3847. Let u be x(6). Calculate the greatest common divisor of u and 260.
65
Let b be (-4)/(-2)*122/(-4). Suppose -5*l = 130 + 330. Let t = b - l. What is the greatest common divisor of t and 124?
31
Let f be -10 - (-66 + -7 + 14). Suppose -15 = -5*y + 20. What is the greatest common factor of y and f?
7
Let m = -11060 - -11216. Calculate the greatest common factor of m and 39624.
156
Let w(z) = 254*z**2 - 12*z - 14. Suppose 509 - 510 = o. Let q be w(o). What is the greatest common divisor of 7 and q?
7
Suppose -h = -4*z - 213 + 40, -5*h + 5*z = -820. Let p 